ivided by 17889?
325
What is the remainder when 151799 is divided by 575?
574
What is the remainder when 119984 is divided by 52?
20
What is the remainder when 4588 is divided by 2293?
2
Calculate the remainder when 20755 is divided by 289.
236
Calculate the remainder when 33155 is divided by 10843.
626
What is the remainder when 6469 is divided by 495?
34
Calculate the remainder when 48791 is divided by 173.
5
What is the remainder when 975 is divided by 966?
9
What is the remainder when 71330 is divided by 34?
32
Calculate the remainder when 240129 is divided by 52.
45
Calculate the remainder when 27854 is divided by 45.
44
Calculate the remainder when 2815740 is divided by 133.
130
Calculate the remainder when 2673 is divided by 239.
44
What is the remainder when 5411 is divided by 744?
203
Calculate the remainder when 30830 is divided by 11.
8
What is the remainder when 1875954 is divided by 41?
40
Calculate the remainder when 6207 is divided by 178.
155
Calculate the remainder when 98308 is divided by 118.
14
What is the remainder when 68508 is divided by 385?
363
Calculate the remainder when 12610 is divided by 3145.
30
Calculate the remainder when 24652 is divided by 2460.
52
What is the remainder when 27590 is divided by 586?
48
What is the remainder when 298556 is divided by 331?
325
What is the remainder when 2135 is divided by 212?
15
What is the remainder when 449 is divided by 244?
205
What is the remainder when 10961 is divided by 55?
16
Calculate the remainder when 2076 is divided by 744.
588
What is the remainder when 20641 is divided by 153?
139
What is the remainder when 2992 is divided by 411?
115
Calculate the remainder when 1445435 is divided by 27.
17
Calculate the remainder when 75116 is divided by 106.
68
Calculate the remainder when 150303 is divided by 77.
76
Calculate the remainder when 238254 is divided by 100.
54
Calculate the remainder when 11204 is divided by 77.
39
Calculate the remainder when 126958 is divided by 335.
328
Calculate the remainder when 49488 is divided by 16452.
132
Calculate the remainder when 67108 is divided by 3195.
13
Calculate the remainder when 106064 is divided by 12.
8
What is the remainder when 302247 is divided by 31?
28
What is the remainder when 64444 is divided by 201?
124
Calculate the remainder when 148304 is divided by 4.
0
What is the remainder when 40083 is divided by 6631?
297
What is the remainder when 1126 is divided by 489?
148
What is the remainder when 5077349 is divided by 54?
53
Calculate the remainder when 5488 is divided by 2743.
2
What is the remainder when 6064 is divided by 130?
84
What is the remainder when 318972 is divided by 1792?
1788
What is the remainder when 130832 is divided by 43607?
11
Calculate the remainder when 3010 is divided by 731.
86
Calculate the remainder when 24137 is divided by 81.
80
What is the remainder when 3855 is divided by 17?
13
What is the remainder when 11949 is divided by 2975?
49
What is the remainder when 20183 is divided by 2522?
7
Calculate the remainder when 2122 is divided by 993.
136
Calculate the remainder when 19954 is divided by 1866.
1294
What is the remainder when 1522 is divided by 42?
10
Calculate the remainder when 3307 is divided by 699.
511
Calculate the remainder when 3750 is divided by 121.
120
Calculate the remainder when 54806 is divided by 522.
518
Calculate the remainder when 5099 is divided by 1425.
824
What is the remainder when 657355 is divided by 2858?
15
What is the remainder when 3126 is divided by 716?
262
Calculate the remainder when 5624 is divided by 2806.
12
What is the remainder when 4792399 is divided by 77?
73
What is the remainder when 10069 is divided by 1272?
1165
What is the remainder when 43811 is divided by 135?
71
Calculate the remainder when 17111 is divided by 8.
7
Calculate the remainder when 86398 is divided by 80.
78
Calculate the remainder when 986 is divided by 30.
26
What is the remainder when 66181 is divided by 61?
57
Calculate the remainder when 6095 is divided by 244.
239
Calculate the remainder when 2980 is divided by 369.
28
What is the remainder when 17582 is divided by 18?
14
Calculate the remainder when 4008783 is divided by 16.
15
What is the remainder when 69046 is divided by 67?
36
Calculate the remainder when 11180 is divided by 15.
5
What is the remainder when 116751 is divided by 1535?
91
What is the remainder when 23221 is divided by 455?
16
Calculate the remainder when 16479 is divided by 16436.
43
Calculate the remainder when 449960 is divided by 362.
356
Calculate the remainder when 2804 is divided by 78.
74
What is the remainder when 1759 is divided by 510?
229
What is the remainder when 41758 is divided by 2783?
13
Calculate the remainder when 1729376 is divided by 391.
374
Calculate the remainder when 121490 is divided by 64.
18
Calculate the remainder when 23438 is divided by 378.
2
What is the remainder when 3325 is divided by 969?
418
Calculate the remainder when 40942 is divided by 20465.
12
Calculate the remainder when 121540 is divided by 18.
4
Calculate the remainder when 19101 is divided by 9545.
11
Calculate the remainder when 124417 is divided by 103.
96
Calculate the remainder when 404618 is divided by 118.
114
What is the remainder when 7206 is divided by 7150?
56
What is the remainder when 182709 is divided by 12?
9
What is the remainder when 35008 is divided by 992?
288
What is the remainder when 2681 is divided by 1336?
9
Calculate the remainder when 17699 is divided by 39.
32
Calculate the remainder when 4334 is divided by 1173.
815
Calculate the remainder when 197571 is divided by 27.
12
What is the remainder when 297144 is divided by 604?
580
Calculate the remainder when 674312 is divided by 21.
2
Calculate the remainder when 6340 is divided by 6169.
171
Calculate the remainder when 60230 is divided by 1165.
815
What is the remainder when 17091 is divided by 1337?
1047
Calculate the remainder when 1265967 is divided by 8.
7
Calculate the remainder when 293781 is divided by 329.
313
Calculate the remainder when 65069 is divided by 266.
165
Calculate the remainder when 1836 is divided by 359.
41
Calculate the remainder when 535620 is divided by 284.
280
Calculate the remainder when 33355 is divided by 281.
197
Calculate the remainder when 9951 is divided by 31.
0
What is the remainder when 13543 is divided by 23?
19
Calculate the remainder when 40149 is divided by 402.
351
Calculate the remainder when 8050 is divided by 1712.
1202
What is the remainder when 41291 is divided by 24?
11
Calculate the remainder when 113968 is divided by 75.
43
Calculate the remainder when 18789 is divided by 87.
84
Calculate the remainder when 1787 is divided by 525.
212
Calculate the remainder when 228029 is divided by 55.
54
Calculate the remainder when 667040 is divided by 169.
166
What is the remainder when 9121 is divided by 352?
321
Calculate the remainder when 3168 is divided by 904.
456
Calculate the remainder when 58049 is divided by 30.
29
Calculate the remainder when 24104 is divided by 271.
256
Calculate the remainder when 69318 is divided by 130.
28
Calculate the remainder when 16768 is divided by 357.
346
What is the remainder when 130505 is divided by 43488?
41
What is the remainder when 47244 is divided by 88?
76
What is the remainder when 27167 is divided by 3391?
39
What is the remainder when 10049 is divided by 3314?
107
What is the remainder when 96751 is divided by 5?
1
Calculate the remainder when 9030 is divided by 33.
21
What is the remainder when 391543 is divided by 8?
7
What is the remainder when 9840 is divided by 221?
116
What is the remainder when 3071 is divided by 12?
11
What is the remainder when 443229 is divided by 110802?
21
What is the remainder when 50303 is divided by 64?
63
What is the remainder when 159793 is divided by 15?
13
Calculate the remainder when 1030877 is divided by 40.
37
What is the remainder when 85267 is divided by 79?
26
Calculate the remainder when 6620 is divided by 298.
64
Calculate the remainder when 29339 is divided by 30.
29
Calculate the remainder when 946 is divided by 189.
1
What is the remainder when 5073 is divided by 4995?
78
Calculate the remainder when 7065 is divided by 673.
335
Calculate